(q) = 9*q + 9. Let o(j) = 13*j + 14. Let a(m) = -8*b(m) + 5*o(m). What is the units digit of a(-4)?
6
Let x = -14 - -179. Suppose x = 4*d + 21. What is the tens digit of d?
3
Let b(d) = 3*d**2 + 3*d + 2. What is the units digit of b(-3)?
0
Let b(d) = -d**3 + 5 + 7*d**2 - 6*d + 4 + 0*d**2 - 5. Let t be b(6). Suppose 3*r - 2*j - 4 = -6*j, t*j = -8. What is the units digit of r?
4
Let q(n) = n**3 - n. Suppose -l - 1 = 2*j, -3*j = 3*l - 4*j + 3. Let x be q(l). Let p = x + 22. What is the units digit of p?
2
Let g(p) = -2*p - 1. Let n be g(-2). Suppose -5*d = -4*l - 32, d - 11 = n*l + 2. What is the units digit of (-7 + -1)*(2 + l)?
8
Suppose -662 = -2*g + 1514. What is the units digit of g/36 + (-8)/36?
0
Let b be (-1 - 2*-1)*5. Suppose 0 = -4*c + 7 + b. What is the units digit of c?
3
Let o(h) = h**2 + 13*h - 22. What is the tens digit of o(-16)?
2
Let o = 2 + 0. Suppose 0*y - 28 = o*y. What is the tens digit of (-1)/((y/(-32))/(-7))?
1
Suppose 2*o - 5*g = 7*o - 5, -o + g = -3. Suppose -3*h - 14 + 88 = 5*b, -3*b + 48 = o*h. What is the tens digit of h?
1
Suppose -d + 1463 = 10*d. What is the units digit of d?
3
Let w = -106 + 201. What is the units digit of w?
5
Let h = 28 + -23. What is the units digit of h?
5
What is the tens digit of ((-26)/16*6)/((-3)/8)?
2
Suppose v + 19 = 41. What is the units digit of v?
2
Let q(b) be the first derivative of 2 + b + 1/2*b**2. What is the units digit of q(0)?
1
Let m(t) = t**3 - 6*t**2 + t - 3. What is the tens digit of m(7)?
5
Let y = 234 - 121. What is the units digit of y?
3
Let c = -50 - -86. Suppose -z - 5*n = 20, -z + 5*n + c = 6. What is the units digit of z?
5
Let b = 26 - -34. Suppose 0*v + b = 5*v. Let j = v + -2. What is the tens digit of j?
1
Let v(x) be the second derivative of x**5/20 + 3*x**4/4 + x**3 - 5*x**2 - 2*x. What is the units digit of v(-8)?
6
Suppose -5*a - 15 = -0*a, -15 = -4*n + 5*a. Suppose n = -4*u - 0*r + r + 12, -2*u + 16 = -3*r. What is the units digit of u?
2
Let p = 0 + 1. Suppose p = q - 2*q. What is the units digit of (6/q)/(-2 - -1)?
6
Suppose f - 6 = -2*f. Let q be (f/(-4))/((-2)/120). Suppose o - q = -5*j, 3*j - 3*o = -j + 24. What is the units digit of j?
6
What is the tens digit of ((-50)/3)/(-9 + (-1449)/(-162))?
0
What is the tens digit of (-3038)/(-28) - (1/(-2))/1?
0
Let u be (-27)/(-4) + 2/8. Suppose -4 = 3*h - u*h. What is the units digit of h?
1
Let y be (-4)/(-10) - 3/(-5). Let p be y/(-4) + (-33)/12. Let i = -1 - p. What is the units digit of i?
2
Let k be (-3 + -3)*(-1)/3. Suppose 2 = k*m - m. What is the units digit of m?
2
Let c(g) = g**3 - g**2 - g + 1. Let y be c(0). Suppose -2*n + 5 = -y. Suppose n = j - 7. What is the units digit of j?
0
Suppose -5*p - 6*f + 7*f + 25 = 0, -4*p + 20 = 3*f. What is the units digit of 1 - (p - 3) - -39?
8
Let y = 105 - -33. What is the units digit of y?
8
Suppose 5*x - 3*x - 6 = 0. Let y(r) = -r**2 + 4*r - 1. What is the units digit of y(x)?
2
Let j be (-2)/5 - 37/(-5). Let s(i) = -i**2 + 6*i + 9. Let z be s(j). Suppose -l = 5*b - 42, -b = -0*b + z*l - 3. What is the units digit of b?
9
Suppose -k + 7 = 4*i - 25, 0 = -4*i + 2*k + 20. What is the units digit of (1*i)/(4 + -3)?
7
Suppose 0 = -t + 3*c - 6*c + 6, 0 = 3*t + 4*c + 7. Suppose -29 = -2*g + i + 6, 0 = -4*g + 3*i + 75. Let b = g + t. What is the units digit of b?
6
Let m = -1 - -4. Let c(s) = -s**3 + 2*s**2 + 3*s + 3. What is the units digit of c(m)?
3
Suppose 5*y = 10 - 80. Let v be (-25 - -3) + 0 + 1. Let m = y - v. What is the units digit of m?
7
Suppose 2 = -3*g + 5*n + 10, -3*g - 4*n = 28. Let u be (-15)/(-2) + 2/(-4). Let t = g + u. What is the units digit of t?
3
What is the units digit of (23 - 1)/((-2)/(-16))?
6
Let t(n) = -n. Let s be t(-9). Let i = s + 3. What is the units digit of i?
2
Let g(a) = 4*a + 18. What is the units digit of g(21)?
2
Let f(u) = -2*u**2 + 11*u - 9. Let k be -14*(-1 + (-3)/(-6)). Let m be f(k). Let b = -12 - m. What is the units digit of b?
8
Let i be (9/2 + -2)*2. Suppose 1033 = -3*n + i*u, 5*n + 1655 = -2*u - 3*u. What is the units digit of n/(-54) + 4/(-18)?
6
Suppose 4*j + 4*p - 80 = -16, 5*p = -3*j + 50. What is the tens digit of j?
1
Suppose 0*g - 169 = -4*g - 5*t, -4*t + 218 = 5*g. Suppose 3*u + 4*x - 9*x - g = 0, -4*u - 5*x = -38. What is the tens digit of u?
1
Suppose m + 16 = 3*m. Let s = m + 5. What is the tens digit of s?
1
Let j be -4 + 11 - (1 + 1). Let c be -1 + j/1 - 0. Suppose -12 = 2*r + z + c*z, -z - 8 = -r. What is the units digit of r?
4
Let a(h) = -h**3 + 6*h**2 + 6*h + 2. Let b(f) = -3*f**3 + 18*f**2 + 19*f + 5. Let n(x) = 8*a(x) - 3*b(x). What is the units digit of n(8)?
7
Suppose -5*v + 42 = 2*u - 0*u, 4*v = -8. What is the units digit of u?
6
Suppose -f + 34 - 4 = 0. What is the tens digit of f?
3
Suppose 0 = 4*x - 27 + 11. Let p = -11 - -15. Suppose -2*q - p = -x*q. What is the units digit of q?
2
Let v(m) = -3*m + 2. Let u be v(-3). Suppose -5*j = -48 - 27. Suppose -u = -2*b + j. What is the tens digit of b?
1
Let c be (0 - 1)/(1/(-5)). Let y(v) = v**3 + 5*v**2 - 2*v - 7. Let a be y(-5). Suppose c*u + m - 67 = 0, 0 = -2*u + a*m + 20 + 17. What is the units digit of u?
4
Let p(d) = -6*d**2 - 2*d + 1. Let t be p(-2). Let r = 33 + t. What is the tens digit of r?
1
Let s = 4 - -24. What is the units digit of s?
8
Suppose -3*z + 6*z - 9 = 0. Suppose -5*b = 2*u - 70, -5*b + b - z*u = -49. Suppose b = 3*n + 1. What is the units digit of n?
5
Suppose 0 = k, 4*k = -5*h + 2*h + 264. What is the units digit of h?
8
Suppose -119 = -3*x - 2*c, -9*x - 36 = -10*x + 3*c. What is the units digit of x?
9
Let f = -162 - -169. What is the units digit of f?
7
Let i(u) = -u**2 - 9*u + 4. What is the units digit of i(-6)?
2
Let w = 2 - 2. Suppose -5*o - l + 77 + 8 = w, 2*o - l - 41 = 0. What is the tens digit of o?
1
Let a(k) = 2*k**2 + 3*k - 2. Let h be a(-4). Let v = -8 + h. What is the units digit of v?
0
Suppose -3*l = -3*n + l + 120, -3*l = -2*n + 80. What is the units digit of n?
0
Let t(b) be the first derivative of -7*b**4/4 + b**3/3 - b - 2. Let d = -4 - -3. What is the units digit of t(d)?
7
Suppose -25 = -5*f - 10. Suppose -2*y + g = -0*g - 20, y - 12 = g. Suppose f*l - y = -l. What is the units digit of l?
2
Suppose 0 = -6*l + 2*l + 16. Suppose -5*w + l*w + 21 = 0. What is the tens digit of w?
2
Suppose 2*z + 3*z + 75 = 0. Let y = z - -29. What is the tens digit of y?
1
Let w = -24 - -7. Let l = -12 - w. Suppose 61 - 10 = 4*i - 5*q, i + l*q + 6 = 0. What is the units digit of i?
9
Suppose 129 = -5*c + 1094. What is the units digit of c?
3
Suppose -9*g = -395 - 631. What is the tens digit of g?
1
Suppose -b = 5*b - 156. What is the units digit of b?
6
Let h(t) = t**2 - 7*t + 6. Let m be h(6). Let o(k) = -k**3 - 14*k**2 + 14*k - 14. Let j be o(-15). Let p = m + j. What is the units digit of p?
1
Let b = 514 + -290. What is the units digit of b?
4
Let u be -1 - (2 + (-10)/2). Suppose -z = -u*z. Suppose z = -s + 3*q + 10, 0 = s - 5*s - 3*q - 5. What is the units digit of s?
1
Let r be 36 + -6*(-2)/(-4). Let x = r + -19. What is the units digit of x?
4
Let x be 1/(-3) - (-74)/6. Suppose 7*l + x = 8*l. What is the tens digit of l?
1
Let i(l) = -l**2 + l + 2. Let m be i(0). Suppose m*s + 27 = -s. What is the units digit of -2*(-1)/((-6)/s)?
3
Suppose 25 = -5*u, -2*t + 2*u = -0 - 10. What is the units digit of -1 - (-10 + (t - -1))?
8
Let d(n) = 2*n**2 - 9*n - 2. What is the tens digit of d(-7)?
5
Let d(c) = 2*c - 8. Let w be d(6). Let s be (-1*13)/((-2)/w). Let f = -18 + s. What is the units digit of f?
8
Let x = -14 + 36. What is the tens digit of (-4)/x + (-725)/(-55)?
1
Let z = 51 - -64. What is the units digit of z?
5
Let w be 1 + 1/((-1)/(-45)). What is the units digit of 1/(w/(-16) + 3)?
8
Let n(q) = 2*q. Let u be n(8). Suppose 3*l + u = 2*o - 7*o, -16 = 2*l - 2*o. Let p = l - -11. What is the units digit of p?
4
Let g be 68/12 - 4/6. Suppose 10 = 5*w, -1 = 2*r - g*w + 9. Suppose r = -5*s + 4*s + 6. What is the units digit of s?
6
Let i = -8 + 19. Let z = i + -5. Suppose -l = -z - 1. What is the units digit of l?
7
Suppose 0*w + 2*w + 14 = 0. Let d(u) = 5*u + 4. Let a(k) = -k. Let v(i) = -4*a(i) - d(i). What is the units digit of v(w)?
3
Let r = 33 + 19. What is the tens digit of r?
5
Suppose 0 = -3*p - 48 + 